t common factor of 48 and 4865964.
12
Calculate the highest common factor of 2721 and 5467396.
907
Calculate the greatest common factor of 64524 and 8232.
12
Calculate the greatest common factor of 280476 and 5512.
212
Calculate the highest common divisor of 10256922 and 2736.
342
What is the greatest common factor of 3199791 and 255?
51
What is the highest common factor of 11511724 and 41412?
812
Calculate the greatest common divisor of 44785 and 5785.
65
Calculate the greatest common divisor of 1927478 and 401868.
7442
What is the greatest common divisor of 7168 and 1355844?
28
Calculate the highest common divisor of 1764 and 2640204.
252
Calculate the greatest common factor of 17567824 and 6944.
496
Calculate the highest common divisor of 48841 and 264004.
13
Calculate the highest common factor of 79932291 and 8556.
2139
Calculate the greatest common divisor of 1322496 and 18144.
2016
Calculate the highest common factor of 1692963 and 9.
9
Calculate the highest common factor of 10112 and 2252928.
128
Calculate the greatest common factor of 93442064 and 4352.
272
Calculate the highest common divisor of 38365568 and 96.
32
Calculate the greatest common factor of 6596634 and 2706.
66
Calculate the highest common factor of 859756 and 50.
2
What is the highest common divisor of 2009 and 960822331?
2009
What is the greatest common factor of 1283962777 and 181?
181
Calculate the highest common divisor of 673821 and 1251.
9
Calculate the greatest common divisor of 25896943 and 361.
19
What is the greatest common divisor of 1873583 and 2?
1
What is the greatest common factor of 530532 and 1614?
6
Calculate the greatest common factor of 288 and 7680928.
32
What is the greatest common factor of 1522695 and 29265?
15
What is the highest common factor of 3798662 and 70?
14
What is the greatest common divisor of 75537 and 5229?
63
What is the greatest common divisor of 87915660 and 9?
3
Calculate the highest common factor of 18774050 and 150.
50
Calculate the highest common factor of 142926 and 116522.
574
Calculate the greatest common divisor of 7826 and 16647778.
14
What is the highest common factor of 3706282 and 913?
83
Calculate the highest common divisor of 26211972 and 12.
12
What is the highest common factor of 2831230429 and 3001?
3001
Calculate the highest common divisor of 273 and 9989553.
21
Calculate the highest common divisor of 1300201 and 548863.
623
What is the greatest common divisor of 41 and 63438234?
41
Calculate the highest common divisor of 7259292 and 1488.
12
Calculate the highest common factor of 2496 and 52848.
48
What is the highest common divisor of 76676902 and 185222?
5006
Calculate the highest common divisor of 7003141 and 2071.
109
Calculate the greatest common factor of 14679900 and 2400.
300
Calculate the highest common factor of 2814068 and 471.
157
Calculate the greatest common factor of 3278778066 and 102.
102
Calculate the highest common factor of 96873 and 11844.
21
What is the greatest common divisor of 231 and 78982365?
231
What is the greatest common divisor of 267 and 183017642?
89
Calculate the greatest common divisor of 1000252 and 116713.
127
Calculate the highest common divisor of 42021 and 6148.
29
What is the highest common factor of 3285932 and 3016?
1508
What is the highest common divisor of 205306974 and 108?
54
Calculate the greatest common factor of 139 and 15081917.
139
Calculate the greatest common factor of 56994 and 444545058.
8142
Calculate the highest common factor of 11935 and 1779260.
35
Calculate the highest common factor of 212215601 and 13.
13
What is the greatest common divisor of 189308 and 126?
14
Calculate the greatest common divisor of 18830487 and 5714.
2857
What is the greatest common factor of 38783800 and 73304?
1496
What is the highest common factor of 3594 and 397171742?
1198
Calculate the greatest common divisor of 2812386 and 9400.
94
What is the greatest common factor of 28985 and 558217?
341
Calculate the greatest common factor of 1308314 and 56.
14
What is the highest common divisor of 666 and 6541164?
18
What is the greatest common factor of 46222558 and 68?
34
What is the greatest common factor of 4691605 and 7815?
2605
Calculate the highest common divisor of 3465690 and 6990.
30
What is the highest common divisor of 6 and 52004508?
6
What is the greatest common factor of 33 and 28070009?
11
What is the highest common factor of 166465642 and 80066?
4214
What is the greatest common divisor of 2067 and 2676288?
159
What is the highest common divisor of 546543194 and 5337?
593
What is the greatest common divisor of 740 and 3720239?
37
Calculate the greatest common divisor of 6775902 and 84.
42
Calculate the greatest common factor of 334 and 29703121.
167
What is the greatest common factor of 2405 and 15185540?
185
What is the greatest common divisor of 54420408 and 57?
57
Calculate the greatest common divisor of 44 and 96763876.
44
Calculate the highest common factor of 105177986 and 4.
2
What is the greatest common factor of 261003411 and 6462?
3231
What is the highest common factor of 18399109 and 1?
1
Calculate the highest common factor of 16203 and 526647.
33
Calculate the greatest common factor of 4246908 and 647.
647
Calculate the greatest common divisor of 63869 and 761345.
221
What is the highest common divisor of 969169 and 107623?
281
Calculate the highest common factor of 72531 and 6639.
3
Calculate the highest common factor of 10062 and 25259.
13
What is the greatest common factor of 5529744 and 352?
176
What is the greatest common divisor of 5614 and 76482329?
2807
Calculate the highest common factor of 732 and 1626626.
122
Calculate the greatest common divisor of 949 and 55585777.
949
Calculate the highest common factor of 168 and 18354444.
12
What is the highest common divisor of 108 and 717295257?
27
What is the greatest common divisor of 36480 and 4245?
15
What is the highest common divisor of 22 and 1036744676?
22
Calculate the greatest common factor of 282304180 and 88484.
8044
Calculate the highest common divisor of 12926 and 1978.
46
What is the highest common factor of 9192022 and 1676?
838
Calculate the highest common factor of 121220 and 16340.
380
What is the highest common factor of 143750 and 34842700?
1150
Calculate the greatest common factor of 139138643 and 291.
97
Calculate the highest common factor of 54180 and 43.
43
What is the greatest common divisor of 1 and 227257?
1
What is the highest common divisor of 6162 and 3874?
26
Calculate the greatest common divisor of 14 and 8676563.
7
Calculate the greatest common divisor of 374 and 38154358.
374
What is the greatest common divisor of 30851855 and 2967?
989
What is the highest common divisor of 33 and 45256101?
33
What is the highest common divisor of 76636296 and 54?
18
What is the highest common factor of 438840567 and 2151?
2151
Calculate the greatest common factor of 8 and 774436.
4
What is the greatest common divisor of 177 and 32964244?
59
What is the highest common factor of 361726 and 799?
17
What is the highest common divisor of 434 and 12482?
2
What is the greatest common divisor of 380 and 56220?
20
Calculate the greatest common factor of 556 and 1146909155.
139
What is the greatest common factor of 99 and 45771297?
33
What is the greatest common divisor of 76 and 5023334?
38
What is the highest common factor of 188 and 14954366?
94
Calculate the greatest common divisor of 11452 and 311857.
7
What is the greatest common factor of 35816 and 2965772?
148
What is the greatest common factor of 43253272 and 760?
152
Calculate the highest common divisor of 742 and 169421.
7
Calculate the highest common divisor of 98 and 31799922.
98
Calculate the greatest common factor of 31177967 and 129.
43
Calculate the highest common factor of 669627645 and 3.
3
Calculate the highest common factor of 1253248 and 20928.
64
What is the greatest common factor of 1610 and 198062522?
322
Calculate the highest common divisor of 63899 and 18055.
157
What is the highest common divisor of 1220336 and 351?
13
What is the highest common factor of 664 and 4668314416?
664
Calculate the highest common factor of 79430 and 888095.
845
Calculate the greatest common divisor of 101399805 and 870.
435
What is the hi